 2*c - 18. Let p be l(12). What is the remainder when 24 is divided by 75/p + 4/8?
11
Let y be (-1)/(-4) - (-2418)/24. Let c = y + -60. Calculate the remainder when c is divided by 11.
8
Let r = 12 - 26. Calculate the remainder when 2/(-7) + (-368)/r is divided by 14.
12
Suppose 0*m = 3*m. Let l = 75 + -72. Suppose m*c - 24 = -l*c. Calculate the remainder when c is divided by 5.
3
Suppose -2*d - 3*c = -81, -d - 4*c - 10 = -43. What is the remainder when d is divided by 24?
21
Let o = 3 - -2. Suppose 0 = o*n + 4*m - 103, -3*m - 2 = 7. What is the remainder when n is divided by 13?
10
Let o(j) = j**3 - 7*j + 6. Calculate the remainder when 124 is divided by o(4).
40
Let x be 1*(6 + 0) - 1. Suppose 3*c = x*g - 12, -4*g - 2*c + 11 = -3*c. What is the remainder when 8 is divided by g?
2
Suppose t = -4*u + 20, 4*u - 2*t = 3*t + 20. Let j = 42 + -21. Calculate the remainder when (-2)/7 + 174/j is divided by u.
3
Let l(d) = 3*d - 1. Let z be l(1). Let r(s) = s**3 - 3*s + 2. What is the remainder when 14 is divided by r(z)?
2
Let r = 23 - 9. What is the remainder when r is divided by -2*8*(-2)/4?
6
Let a(w) = w**2 - 4*w - 11. Calculate the remainder when a(10) is divided by 13.
10
Suppose z - 11 = -4*n, -5 + 18 = -z + 4*n. Let c be (-6 + 7)*(4 - z). Suppose c*y - 24 - 66 = 0. Calculate the remainder when 34 is divided by y.
16
Let s be (16/6)/(3/45). Suppose 4*i + k = s, -29 = -5*i - 2*k + 24. What is the remainder when 16 is divided by i?
7
Let c = 57 + -2. Suppose 0 = -o + 4*w - 21, -o - 2*w - 9 = -3*w. Let i(p) = p**2 + p - 1. What is the remainder when c is divided by i(o)?
17
Let j(w) = 3*w + 11. Let x(q) = 2*q + 5. Let i(h) = -2*j(h) + 5*x(h). Calculate the remainder when 106 is divided by i(6).
25
Let w(l) = l**2 + 8*l - 4. Let h be w(-9). Suppose u - h*s + s - 11 = 0, s - 76 = -5*u. Calculate the remainder when u is divided by 6.
3
Let c(l) = -l**3 - 2*l**2 + 7*l + 7. Let z = -28 - -40. Calculate the remainder when c(-5) is divided by z.
11
Suppose 0 = -5*a - 4 + 24, -4*w - 4*a = -372. Calculate the remainder when w is divided by 23.
20
What is the remainder when (-83)/(-2) + (-1)/2 is divided by (35/(-10) - -2)*1*-10?
11
Let p = 212 - 151. Suppose 3*u - 2*u - p = 0. What is the remainder when u is divided by 31?
30
Let h be -1 - -2*(0 - -1). Let j = 3 - h. Suppose -2*p - n = j - 52, -5*p + n + 132 = 0. Calculate the remainder when p is divided by 9.
8
Let w = -7 + 7. Suppose -2 = -2*p - w. Let f(z) = z**3 - z + 1. Calculate the remainder when f(0) is divided by p.
0
Calculate the remainder when (-4)/18 - 58/(-18) is divided by 3.
0
Let s(y) = -y**3 - 6*y**2 - y - 4. Let x be s(-6). Calculate the remainder when (-51)/(-2)*12/6 is divided by (-1 - x) + 32/2.
12
Suppose -2*s - 1 = -w, -4*s = -5*w - 10 + 39. Calculate the remainder when w is divided by 6.
3
Suppose -3*p + p - 68 = -2*k, -3*k = 3*p - 114. What is the remainder when k is divided by 20?
16
Let l(a) = -a**3 + 6*a**2 + 4. Let u be l(6). Suppose -k - 4*k = 4*p - 66, 3*k - 14 = u*p. Calculate the remainder when 17 is divided by k.
7
Suppose -v + 5*y = -33, 4*v + 0*y - y - 37 = 0. Let n = -27 + 30. Calculate the remainder when v is divided by n.
2
Let g(l) = 4*l - 41. Calculate the remainder when 34 is divided by g(12).
6
Calculate the remainder when 708/(-16)*-2 + 1/2 is divided by 18.
17
Let t = -37 - -52. Let x(f) = f**2 + 4*f - 3. Let r be x(-5). Suppose 56 = r*j - 0. What is the remainder when j is divided by t?
13
Suppose g - 6 = 3*g - 4*m, -4*g = -3*m - 13. Calculate the remainder when 48 is divided by g.
6
Suppose 194 = 3*p + 4*m, -3*m = 4*p + p - 305. Calculate the remainder when p is divided by 15.
13
Suppose 4*j - 28 - 4 = 0. Suppose 4*y + 0*y - 60 = 2*f, 2*y + f = 30. Calculate the remainder when y is divided by j.
7
Suppose -6*q + q = -150. Calculate the remainder when q is divided by 8.
6
Let m = 1 + 1. Let v(n) = 4*n + m + 4*n - 3. What is the remainder when 19 is divided by v(1)?
5
Suppose 0 = -3*w - 0*w + 165. Suppose -g - 4*g = -w. What is the remainder when (-430)/(-14) - (-4)/14 is divided by g?
9
Calculate the remainder when 19 is divided by ((-27)/(-81))/((-1)/(-21)).
5
Suppose 0*h = -h + 9. Calculate the remainder when 15 is divided by h.
6
Let m = -61 - -86. Calculate the remainder when 68 is divided by m.
18
Suppose w + 4*q - 112 = 5*w, -w = -2*q + 26. Let j = -18 - w. What is the remainder when 23 is divided by j?
11
Let g be (-69)/(-15) - 2/(-5). Let c(u) = u**3 - 5*u**2 + 4. Let a be c(g). What is the remainder when a/(-12) - 68/(-6) is divided by 4?
3
Let s = -3 + 82. What is the remainder when s is divided by 23?
10
Let l(r) = 3*r - 3 - 4*r - 23*r - 2*r. Calculate the remainder when l(-2) is divided by 26.
23
Let o = 4 - 0. Let a = 14 - -1. What is the remainder when a is divided by o?
3
Let h(y) = -3*y**2 + 21*y + 2. Calculate the remainder when h(5) is divided by 5.
2
Suppose 0 = -t - z - 2 - 1, 5*z + 15 = t. Let h = 11 - 8. Let d = h + t. Calculate the remainder when 4 is divided by d.
1
Suppose 4*z + 1400 = -0*z. Let x = 10 + -14. What is the remainder when (-1)/x + z/(-8) is divided by 15?
14
Let l = -21 + 39. Let z(n) = n**3 + 8*n**2 - 13*n - 1. Calculate the remainder when z(-9) is divided by l.
17
Let b = 0 - -4. Suppose 0 = -z - a + 13, b*z + 5*a + 11 = 66. What is the remainder when 38 is divided by z?
8
Let p(l) = l**3 + 6*l**2 - 10*l - 8. Let k be p(-6). Suppose -11*h = -7*h - k. Calculate the remainder when (16/3)/((-2)/(-9)) is divided by h.
11
Let w(g) = 2*g**3 + g**2 - 2. Suppose 5*z + 307 = 4*q + 124, -3*z = -15. Calculate the remainder when q is divided by w(2).
16
Let m(n) = n - 2. Let a be m(0). Let k = 4 + 1. What is the remainder when 1*14*(a - -3) is divided by k?
4
Let a = 3 - -2. Suppose -39 = a*s - 329. What is the remainder when s is divided by 20?
18
Suppose -3*l + 2*r + 13 = -0*l, -3*l - 22 = 5*r. Let w = l + -1. Suppose w = -4*t, 16 = 2*m - 2*t - 8. Calculate the remainder when 23 is divided by m.
11
Calculate the remainder when 9/(-3) + (152 - (-1 - -4)) is divided by 30.
26
Let o = 1 - -8. Let w = 25 - o. Suppose 2*q - 46 - 14 = 0. Calculate the remainder when q is divided by w.
14
Let y(o) = -o**2 - 10*o + 2. Let t be y(-11). Let l = t - -10. What is the remainder when (12/(-9))/((-2)/3) is divided by l?
0
Suppose 0 = 3*l - 4*l - 71. Let h = l + 108. What is the remainder when h is divided by 13?
11
Let m(b) = b**3 + 3*b**2 - 2*b - 4. Let n be m(-3). Suppose -n*a - 100 = -7*a. What is the remainder when a is divided by 7?
6
Suppose 4 = 3*u + 1. Let r(s) = 15*s. What is the remainder when (-4 - 18)/((-2)/4) is divided by r(u)?
14
Let c = 40 - 36. What is the remainder when 6 is divided by c?
2
Let z(o) = 2*o**2 + 5*o - 17. What is the remainder when 90 is divided by z(3)?
10
Let s(z) = -2 - z - 17*z + 3. Calculate the remainder when s(-1) is divided by ((-10)/8)/((-3)/12).
4
Let r(y) = y**3 + 4*y**2 - 7*y - 6. Let x(l) = l + 8. Suppose -4*h - 4*u = -40, -h + 4*h = -u + 22. Calculate the remainder when x(h) is divided by r(-5).
2
Suppose 0*a - 405 = -5*a. Calculate the remainder when a is divided by 9 + -1 - (13 + -19).
11
Let g(r) = -r**2 + 12*r. Let l(x) = 5*x + 4. Calculate the remainder when g(5) is divided by l(1).
8
Let y(c) = -4 + 3*c + 2*c**2 + 8*c**2 - c**3 - 3*c**2 - 5*c. Let u be y(5). Calculate the remainder when 10 is divided by ((-6)/(-18))/(2/u).
4
Let b = 1 + -2. Let s = 0 - b. What is the remainder when 2 is divided by s?
0
Suppose -2*q - 5*g = -31, -4*g = 4*q - 2*g - 22. Suppose -2*n + 10 = -10. What is the remainder when -29*((-16)/4 + q) is divided by n?
9
Let d(b) = 23*b**2 - b + 1. Suppose 6*h - 3*h - 3*i = 150, -2*i = 2*h - 80. Calculate the remainder when h is divided by d(1).
22
Suppose 0 = 5*j + 4 - 34. Let p(i) = i**3 - 3*i**2 + 3*i - 6. Suppose 4*a + 0*a - 16 = 0. Calculate the remainder when p(a) is divided by j.
4
Suppose 4*a + 5*x - 14 - 1 = 0, 0 = 3*x + 3. Suppose r + 5*j = 49, -a*r - 5*j + j = -140. Calculate the remainder when 45 is divided by r.
21
What is the remainder when 25 is divided by 1 - ((-17)/(-68) - (-98)/(-8))?
12
Suppose 3*d - 334 = -121. What is the remainder when d is divided by 18?
17
Let n(r) = 0*r**2 + r**2 + 2 + 4*r + 5*r. Let b be n(-6). Let w = b + 28. What is the rema